{"id":111,"date":"2024-09-13T11:32:31","date_gmt":"2024-09-13T09:32:31","guid":{"rendered":"https:\/\/www.insanemonkeytattoo.at\/?page_id=111"},"modified":"2024-09-20T11:48:57","modified_gmt":"2024-09-20T09:48:57","slug":"studio","status":"publish","type":"page","link":"https:\/\/www.insanemonkeytattoo.at\/?page_id=111","title":{"rendered":"Studio"},"content":{"rendered":"\t\t<div data-elementor-type=\"wp-page\" data-elementor-id=\"111\" class=\"elementor elementor-111\">\n\t\t\t\t<div class=\"elementor-element elementor-element-a8d9ac2 e-con-full e-flex e-con e-parent\" data-id=\"a8d9ac2\" data-element_type=\"container\">\n\t\t\t\t<div class=\"elementor-element elementor-element-8fd7c5b elementor-widget elementor-widget-image-gallery\" data-id=\"8fd7c5b\" data-element_type=\"widget\" data-widget_type=\"image-gallery.default\">\n\t\t\t\t<div class=\"elementor-widget-container\">\n\t\t\t\t\t\t\t<div class=\"elementor-image-gallery\">\n\t\t\t<div id='gallery-1' class='gallery galleryid-111 gallery-columns-4 gallery-size-large'><figure class='gallery-item'>\n\t\t\t<div class='gallery-icon portrait'>\n\t\t\t\t<a data-elementor-open-lightbox=\"yes\" data-elementor-lightbox-slideshow=\"8fd7c5b\" data-e-action-hash=\"#elementor-action%3Aaction%3Dlightbox%26settings%3DeyJpZCI6MzMzLCJ1cmwiOiJodHRwczpcL1wvd3d3Lmluc2FuZW1vbmtleXRhdHRvby5hdFwvd3AtY29udGVudFwvdXBsb2Fkc1wvV2hhdHNBcHAtSW1hZ2UtMjAyNC0wOWctMTctYXQtMTQuNDIuMjcuanBlZyIsInNsaWRlc2hvdyI6IjhmZDdjNWIifQ%3D%3D\" href='https:\/\/www.insanemonkeytattoo.at\/wp-content\/uploads\/WhatsApp-Image-2024-09g-17-at-14.42.27.jpeg'><img fetchpriority=\"high\" decoding=\"async\" width=\"768\" height=\"1024\" src=\"https:\/\/www.insanemonkeytattoo.at\/wp-content\/uploads\/WhatsApp-Image-2024-09g-17-at-14.42.27-768x1024.jpeg\" class=\"attachment-large size-large\" alt=\"\" srcset=\"https:\/\/www.insanemonkeytattoo.at\/wp-content\/uploads\/WhatsApp-Image-2024-09g-17-at-14.42.27-768x1024.jpeg 768w, https:\/\/www.insanemonkeytattoo.at\/wp-content\/uploads\/WhatsApp-Image-2024-09g-17-at-14.42.27-225x300.jpeg 225w, https:\/\/www.insanemonkeytattoo.at\/wp-content\/uploads\/WhatsApp-Image-2024-09g-17-at-14.42.27-1152x1536.jpeg 1152w, https:\/\/www.insanemonkeytattoo.at\/wp-content\/uploads\/WhatsApp-Image-2024-09g-17-at-14.42.27.jpeg 1200w\" sizes=\"(max-width: 768px) 100vw, 768px\" \/><\/a>\n\t\t\t<\/div><\/figure><figure class='gallery-item'>\n\t\t\t<div class='gallery-icon portrait'>\n\t\t\t\t<a data-elementor-open-lightbox=\"yes\" data-elementor-lightbox-slideshow=\"8fd7c5b\" data-e-action-hash=\"#elementor-action%3Aaction%3Dlightbox%26settings%3DeyJpZCI6MzM1LCJ1cmwiOiJodHRwczpcL1wvd3d3Lmluc2FuZW1vbmtleXRhdHRvby5hdFwvd3AtY29udGVudFwvdXBsb2Fkc1wvV2hhdHNBcHAtSW1hZ2dlLTIwMjQtMDktMTctYXQtMTQuNDIuMjcuanBlZyIsInNsaWRlc2hvdyI6IjhmZDdjNWIifQ%3D%3D\" href='https:\/\/www.insanemonkeytattoo.at\/wp-content\/uploads\/WhatsApp-Imagge-2024-09-17-at-14.42.27.jpeg'><img decoding=\"async\" width=\"768\" height=\"1024\" src=\"https:\/\/www.insanemonkeytattoo.at\/wp-content\/uploads\/WhatsApp-Imagge-2024-09-17-at-14.42.27-768x1024.jpeg\" class=\"attachment-large size-large\" alt=\"\" srcset=\"https:\/\/www.insanemonkeytattoo.at\/wp-content\/uploads\/WhatsApp-Imagge-2024-09-17-at-14.42.27-768x1024.jpeg 768w, https:\/\/www.insanemonkeytattoo.at\/wp-content\/uploads\/WhatsApp-Imagge-2024-09-17-at-14.42.27-225x300.jpeg 225w, https:\/\/www.insanemonkeytattoo.at\/wp-content\/uploads\/WhatsApp-Imagge-2024-09-17-at-14.42.27-1152x1536.jpeg 1152w, https:\/\/www.insanemonkeytattoo.at\/wp-content\/uploads\/WhatsApp-Imagge-2024-09-17-at-14.42.27.jpeg 1200w\" sizes=\"(max-width: 768px) 100vw, 768px\" \/><\/a>\n\t\t\t<\/div><\/figure><figure class='gallery-item'>\n\t\t\t<div class='gallery-icon portrait'>\n\t\t\t\t<a data-elementor-open-lightbox=\"yes\" data-elementor-lightbox-slideshow=\"8fd7c5b\" data-e-action-hash=\"#elementor-action%3Aaction%3Dlightbox%26settings%3DeyJpZCI6MzI5LCJ1cmwiOiJodHRwczpcL1wvd3d3Lmluc2FuZW1vbmtleXRhdHRvby5hdFwvd3AtY29udGVudFwvdXBsb2Fkc1wvV2hhdHNBZ3BwLUltYWdlLTIwMjQtMDktMTctYXQtMTQuNDIuMjcuanBlZyIsInNsaWRlc2hvdyI6IjhmZDdjNWIifQ%3D%3D\" href='https:\/\/www.insanemonkeytattoo.at\/wp-content\/uploads\/WhatsAgpp-Image-2024-09-17-at-14.42.27.jpeg'><img decoding=\"async\" width=\"768\" height=\"1024\" src=\"https:\/\/www.insanemonkeytattoo.at\/wp-content\/uploads\/WhatsAgpp-Image-2024-09-17-at-14.42.27-768x1024.jpeg\" class=\"attachment-large size-large\" alt=\"\" srcset=\"https:\/\/www.insanemonkeytattoo.at\/wp-content\/uploads\/WhatsAgpp-Image-2024-09-17-at-14.42.27-768x1024.jpeg 768w, https:\/\/www.insanemonkeytattoo.at\/wp-content\/uploads\/WhatsAgpp-Image-2024-09-17-at-14.42.27-225x300.jpeg 225w, https:\/\/www.insanemonkeytattoo.at\/wp-content\/uploads\/WhatsAgpp-Image-2024-09-17-at-14.42.27-1152x1536.jpeg 1152w, https:\/\/www.insanemonkeytattoo.at\/wp-content\/uploads\/WhatsAgpp-Image-2024-09-17-at-14.42.27.jpeg 1200w\" sizes=\"(max-width: 768px) 100vw, 768px\" \/><\/a>\n\t\t\t<\/div><\/figure><figure class='gallery-item'>\n\t\t\t<div class='gallery-icon portrait'>\n\t\t\t\t<a data-elementor-open-lightbox=\"yes\" data-elementor-lightbox-slideshow=\"8fd7c5b\" data-e-action-hash=\"#elementor-action%3Aaction%3Dlightbox%26settings%3DeyJpZCI6MzMyLCJ1cmwiOiJodHRwczpcL1wvd3d3Lmluc2FuZW1vbmtleXRhdHRvby5hdFwvd3AtY29udGVudFwvdXBsb2Fkc1wvV2hhdHNBcHAtSW1hZ2UtMjAyNC0wOS0xNy1hdGctMTQuNDIuMjcuanBlZyIsInNsaWRlc2hvdyI6IjhmZDdjNWIifQ%3D%3D\" href='https:\/\/www.insanemonkeytattoo.at\/wp-content\/uploads\/WhatsApp-Image-2024-09-17-atg-14.42.27.jpeg'><img loading=\"lazy\" decoding=\"async\" width=\"768\" height=\"1024\" src=\"https:\/\/www.insanemonkeytattoo.at\/wp-content\/uploads\/WhatsApp-Image-2024-09-17-atg-14.42.27-768x1024.jpeg\" class=\"attachment-large size-large\" alt=\"\" srcset=\"https:\/\/www.insanemonkeytattoo.at\/wp-content\/uploads\/WhatsApp-Image-2024-09-17-atg-14.42.27-768x1024.jpeg 768w, https:\/\/www.insanemonkeytattoo.at\/wp-content\/uploads\/WhatsApp-Image-2024-09-17-atg-14.42.27-225x300.jpeg 225w, https:\/\/www.insanemonkeytattoo.at\/wp-content\/uploads\/WhatsApp-Image-2024-09-17-atg-14.42.27-1152x1536.jpeg 1152w, https:\/\/www.insanemonkeytattoo.at\/wp-content\/uploads\/WhatsApp-Image-2024-09-17-atg-14.42.27.jpeg 1200w\" sizes=\"(max-width: 768px) 100vw, 768px\" \/><\/a>\n\t\t\t<\/div><\/figure><figure class='gallery-item'>\n\t\t\t<div class='gallery-icon landscape'>\n\t\t\t\t<a data-elementor-open-lightbox=\"yes\" data-elementor-lightbox-slideshow=\"8fd7c5b\" data-e-action-hash=\"#elementor-action%3Aaction%3Dlightbox%26settings%3DeyJpZCI6MzM0LCJ1cmwiOiJodHRwczpcL1wvd3d3Lmluc2FuZW1vbmtleXRhdHRvby5hdFwvd3AtY29udGVudFwvdXBsb2Fkc1wvV2hhdHNBcHAtSW1hZ2UtMjAyNC1nMDktMTctYXQtMTQuNDIuMjcuanBlZyIsInNsaWRlc2hvdyI6IjhmZDdjNWIifQ%3D%3D\" href='https:\/\/www.insanemonkeytattoo.at\/wp-content\/uploads\/WhatsApp-Image-2024-g09-17-at-14.42.27.jpeg'><img loading=\"lazy\" decoding=\"async\" width=\"880\" height=\"681\" src=\"https:\/\/www.insanemonkeytattoo.at\/wp-content\/uploads\/WhatsApp-Image-2024-g09-17-at-14.42.27-1024x793.jpeg\" class=\"attachment-large size-large\" alt=\"\" srcset=\"https:\/\/www.insanemonkeytattoo.at\/wp-content\/uploads\/WhatsApp-Image-2024-g09-17-at-14.42.27-1024x793.jpeg 1024w, https:\/\/www.insanemonkeytattoo.at\/wp-content\/uploads\/WhatsApp-Image-2024-g09-17-at-14.42.27-300x232.jpeg 300w, https:\/\/www.insanemonkeytattoo.at\/wp-content\/uploads\/WhatsApp-Image-2024-g09-17-at-14.42.27-768x595.jpeg 768w, https:\/\/www.insanemonkeytattoo.at\/wp-content\/uploads\/WhatsApp-Image-2024-g09-17-at-14.42.27-1536x1189.jpeg 1536w, https:\/\/www.insanemonkeytattoo.at\/wp-content\/uploads\/WhatsApp-Image-2024-g09-17-at-14.42.27.jpeg 1600w\" sizes=\"(max-width: 880px) 100vw, 880px\" \/><\/a>\n\t\t\t<\/div><\/figure><figure class='gallery-item'>\n\t\t\t<div class='gallery-icon landscape'>\n\t\t\t\t<a data-elementor-open-lightbox=\"yes\" data-elementor-lightbox-slideshow=\"8fd7c5b\" data-e-action-hash=\"#elementor-action%3Aaction%3Dlightbox%26settings%3DeyJpZCI6MzM2LCJ1cmwiOiJodHRwczpcL1wvd3d3Lmluc2FuZW1vbmtleXRhdHRvby5hdFwvd3AtY29udGVudFwvdXBsb2Fkc1wvV2hnYXRzQXBwLUltYWdlLTIwMjQtMDktMTctYXQtMTQuNDIuMjcuanBlZyIsInNsaWRlc2hvdyI6IjhmZDdjNWIifQ%3D%3D\" href='https:\/\/www.insanemonkeytattoo.at\/wp-content\/uploads\/WhgatsApp-Image-2024-09-17-at-14.42.27.jpeg'><img loading=\"lazy\" decoding=\"async\" width=\"880\" height=\"660\" src=\"https:\/\/www.insanemonkeytattoo.at\/wp-content\/uploads\/WhgatsApp-Image-2024-09-17-at-14.42.27-1024x768.jpeg\" class=\"attachment-large size-large\" alt=\"\" srcset=\"https:\/\/www.insanemonkeytattoo.at\/wp-content\/uploads\/WhgatsApp-Image-2024-09-17-at-14.42.27-1024x768.jpeg 1024w, https:\/\/www.insanemonkeytattoo.at\/wp-content\/uploads\/WhgatsApp-Image-2024-09-17-at-14.42.27-300x225.jpeg 300w, https:\/\/www.insanemonkeytattoo.at\/wp-content\/uploads\/WhgatsApp-Image-2024-09-17-at-14.42.27-768x576.jpeg 768w, https:\/\/www.insanemonkeytattoo.at\/wp-content\/uploads\/WhgatsApp-Image-2024-09-17-at-14.42.27-1536x1152.jpeg 1536w, https:\/\/www.insanemonkeytattoo.at\/wp-content\/uploads\/WhgatsApp-Image-2024-09-17-at-14.42.27-440x330.jpeg 440w, https:\/\/www.insanemonkeytattoo.at\/wp-content\/uploads\/WhgatsApp-Image-2024-09-17-at-14.42.27-920x690.jpeg 920w, https:\/\/www.insanemonkeytattoo.at\/wp-content\/uploads\/WhgatsApp-Image-2024-09-17-at-14.42.27.jpeg 1600w\" sizes=\"(max-width: 880px) 100vw, 880px\" \/><\/a>\n\t\t\t<\/div><\/figure><figure class='gallery-item'>\n\t\t\t<div class='gallery-icon landscape'>\n\t\t\t\t<a data-elementor-open-lightbox=\"yes\" data-elementor-lightbox-slideshow=\"8fd7c5b\" data-e-action-hash=\"#elementor-action%3Aaction%3Dlightbox%26settings%3DeyJpZCI6MzMxLCJ1cmwiOiJodHRwczpcL1wvd3d3Lmluc2FuZW1vbmtleXRhdHRvby5hdFwvd3AtY29udGVudFwvdXBsb2Fkc1wvV2hhdHNBcHAtSW1hZ2UtMjAyNC0wOS0xNy1hdC0xNC40Mi4yNy5qcGVnIiwic2xpZGVzaG93IjoiOGZkN2M1YiJ9\" href='https:\/\/www.insanemonkeytattoo.at\/wp-content\/uploads\/WhatsApp-Image-2024-09-17-at-14.42.27.jpeg'><img loading=\"lazy\" decoding=\"async\" width=\"880\" height=\"660\" src=\"https:\/\/www.insanemonkeytattoo.at\/wp-content\/uploads\/WhatsApp-Image-2024-09-17-at-14.42.27-1024x768.jpeg\" class=\"attachment-large size-large\" alt=\"\" srcset=\"https:\/\/www.insanemonkeytattoo.at\/wp-content\/uploads\/WhatsApp-Image-2024-09-17-at-14.42.27-1024x768.jpeg 1024w, https:\/\/www.insanemonkeytattoo.at\/wp-content\/uploads\/WhatsApp-Image-2024-09-17-at-14.42.27-300x225.jpeg 300w, https:\/\/www.insanemonkeytattoo.at\/wp-content\/uploads\/WhatsApp-Image-2024-09-17-at-14.42.27-768x576.jpeg 768w, https:\/\/www.insanemonkeytattoo.at\/wp-content\/uploads\/WhatsApp-Image-2024-09-17-at-14.42.27-1536x1152.jpeg 1536w, https:\/\/www.insanemonkeytattoo.at\/wp-content\/uploads\/WhatsApp-Image-2024-09-17-at-14.42.27-440x330.jpeg 440w, https:\/\/www.insanemonkeytattoo.at\/wp-content\/uploads\/WhatsApp-Image-2024-09-17-at-14.42.27-920x690.jpeg 920w, https:\/\/www.insanemonkeytattoo.at\/wp-content\/uploads\/WhatsApp-Image-2024-09-17-at-14.42.27.jpeg 1600w\" sizes=\"(max-width: 880px) 100vw, 880px\" \/><\/a>\n\t\t\t<\/div><\/figure><figure class='gallery-item'>\n\t\t\t<div class='gallery-icon landscape'>\n\t\t\t\t<a data-elementor-open-lightbox=\"yes\" data-elementor-lightbox-slideshow=\"8fd7c5b\" data-e-action-hash=\"#elementor-action%3Aaction%3Dlightbox%26settings%3DeyJpZCI6MzMwLCJ1cmwiOiJodHRwczpcL1wvd3d3Lmluc2FuZW1vbmtleXRhdHRvby5hdFwvd3AtY29udGVudFwvdXBsb2Fkc1wvV2hhdHNBcHAtSW1hZ2UtMjBnMjQtMDktMTctYXQtMTQuNDIuMjcuanBlZyIsInNsaWRlc2hvdyI6IjhmZDdjNWIifQ%3D%3D\" href='https:\/\/www.insanemonkeytattoo.at\/wp-content\/uploads\/WhatsApp-Image-20g24-09-17-at-14.42.27.jpeg'><img loading=\"lazy\" decoding=\"async\" width=\"880\" height=\"660\" src=\"https:\/\/www.insanemonkeytattoo.at\/wp-content\/uploads\/WhatsApp-Image-20g24-09-17-at-14.42.27-1024x768.jpeg\" class=\"attachment-large size-large\" alt=\"\" srcset=\"https:\/\/www.insanemonkeytattoo.at\/wp-content\/uploads\/WhatsApp-Image-20g24-09-17-at-14.42.27-1024x768.jpeg 1024w, https:\/\/www.insanemonkeytattoo.at\/wp-content\/uploads\/WhatsApp-Image-20g24-09-17-at-14.42.27-300x225.jpeg 300w, https:\/\/www.insanemonkeytattoo.at\/wp-content\/uploads\/WhatsApp-Image-20g24-09-17-at-14.42.27-768x576.jpeg 768w, https:\/\/www.insanemonkeytattoo.at\/wp-content\/uploads\/WhatsApp-Image-20g24-09-17-at-14.42.27-1536x1152.jpeg 1536w, https:\/\/www.insanemonkeytattoo.at\/wp-content\/uploads\/WhatsApp-Image-20g24-09-17-at-14.42.27-440x330.jpeg 440w, https:\/\/www.insanemonkeytattoo.at\/wp-content\/uploads\/WhatsApp-Image-20g24-09-17-at-14.42.27-920x690.jpeg 920w, https:\/\/www.insanemonkeytattoo.at\/wp-content\/uploads\/WhatsApp-Image-20g24-09-17-at-14.42.27.jpeg 1600w\" sizes=\"(max-width: 880px) 100vw, 880px\" \/><\/a>\n\t\t\t<\/div><\/figure>\n\t\t<\/div>\n\t\t<\/div>\n\t\t\t\t\t\t<\/div>\n\t\t\t\t<\/div>\n\t\t\t\t<\/div>\n\t\t<div class=\"elementor-element elementor-element-2eb4988 e-flex e-con-boxed e-con e-parent\" data-id=\"2eb4988\" data-element_type=\"container\">\n\t\t\t\t\t<div class=\"e-con-inner\">\n\t\t\t\t<div class=\"elementor-element elementor-element-01b517f elementor-widget elementor-widget-text-editor\" data-id=\"01b517f\" data-element_type=\"widget\" data-widget_type=\"text-editor.default\">\n\t\t\t\t<div class=\"elementor-widget-container\">\n\t\t\t\t\t\t\t\t\t<p>&#8222;The Insane Monkey&#8220; ist ein 90 m\u00b2 gro\u00dfes Tattoo-Studio mit drei klar abgegrenzten Arbeitspl\u00e4tzen, einer gem\u00fctlichen Bar und einem Wartebereich. Jeder Arbeitsplatz ist modern ausgestattet und bietet ausreichend Privatsph\u00e4re. Die Bar dient als Treffpunkt f\u00fcr Kunden und K\u00fcnstler, wo Getr\u00e4nke angeboten werden.\u00a0<\/p>\t\t\t\t\t\t\t\t<\/div>\n\t\t\t\t<\/div>\n\t\t\t\t\t<\/div>\n\t\t\t\t<\/div>\n\t\t\t\t<\/div>\n\t\t","protected":false},"excerpt":{"rendered":"<p>&#8222;The Insane Monkey&#8220; ist ein 90 m\u00b2 gro\u00dfes Tattoo-Studio mit drei klar abgegrenzten Arbeitspl\u00e4tzen, einer gem\u00fctlichen Bar und einem Wartebereich.<\/p>\n<p><a href=\"https:\/\/www.insanemonkeytattoo.at\/?page_id=111\" class=\"more-link\">Continue reading<span class=\"screen-reader-text\">Studio<\/span><\/a><\/p>\n","protected":false},"author":1,"featured_media":0,"parent":0,"menu_order":0,"comment_status":"closed","ping_status":"closed","template":"","meta":{"footnotes":""},"class_list":["post-111","page","type-page","status-publish","hentry"],"yoast_head":"<!-- This site is optimized with the Yoast SEO plugin v25.0 - https:\/\/yoast.com\/wordpress\/plugins\/seo\/ -->\n<title>Studio - The Insane Monkey<\/title>\n<meta name=\"robots\" content=\"index, follow, max-snippet:-1, max-image-preview:large, max-video-preview:-1\" \/>\n<link rel=\"canonical\" href=\"https:\/\/www.insanemonkeytattoo.at\/?page_id=111\" \/>\n<meta property=\"og:locale\" content=\"de_DE\" \/>\n<meta property=\"og:type\" content=\"article\" \/>\n<meta property=\"og:title\" content=\"Studio - The Insane Monkey\" \/>\n<meta property=\"og:description\" content=\"&#8222;The Insane Monkey&#8220; ist ein 90 m\u00b2 gro\u00dfes Tattoo-Studio mit drei klar abgegrenzten Arbeitspl\u00e4tzen, einer gem\u00fctlichen Bar und einem Wartebereich.Continue readingStudio\" \/>\n<meta property=\"og:url\" content=\"https:\/\/www.insanemonkeytattoo.at\/?page_id=111\" \/>\n<meta property=\"og:site_name\" content=\"The Insane Monkey\" \/>\n<meta property=\"article:publisher\" content=\"https:\/\/www.facebook.com\/profile.php?id=100083181228499\" \/>\n<meta property=\"article:modified_time\" content=\"2024-09-20T09:48:57+00:00\" \/>\n<meta property=\"og:image\" content=\"https:\/\/www.insanemonkeytattoo.at\/wp-content\/uploads\/WhatsApp-Image-2024-09g-17-at-14.42.27-768x1024.jpeg\" \/>\n<meta name=\"twitter:card\" content=\"summary_large_image\" \/>\n<script type=\"application\/ld+json\" class=\"yoast-schema-graph\">{\"@context\":\"https:\/\/schema.org\",\"@graph\":[{\"@type\":\"WebPage\",\"@id\":\"https:\/\/www.insanemonkeytattoo.at\/?page_id=111\",\"url\":\"https:\/\/www.insanemonkeytattoo.at\/?page_id=111\",\"name\":\"Studio - The Insane Monkey\",\"isPartOf\":{\"@id\":\"https:\/\/www.insanemonkeytattoo.at\/#website\"},\"primaryImageOfPage\":{\"@id\":\"https:\/\/www.insanemonkeytattoo.at\/?page_id=111#primaryimage\"},\"image\":{\"@id\":\"https:\/\/www.insanemonkeytattoo.at\/?page_id=111#primaryimage\"},\"thumbnailUrl\":\"https:\/\/www.insanemonkeytattoo.at\/wp-content\/uploads\/WhatsApp-Image-2024-09g-17-at-14.42.27-768x1024.jpeg\",\"datePublished\":\"2024-09-13T09:32:31+00:00\",\"dateModified\":\"2024-09-20T09:48:57+00:00\",\"breadcrumb\":{\"@id\":\"https:\/\/www.insanemonkeytattoo.at\/?page_id=111#breadcrumb\"},\"inLanguage\":\"de\",\"potentialAction\":[{\"@type\":\"ReadAction\",\"target\":[\"https:\/\/www.insanemonkeytattoo.at\/?page_id=111\"]}]},{\"@type\":\"ImageObject\",\"inLanguage\":\"de\",\"@id\":\"https:\/\/www.insanemonkeytattoo.at\/?page_id=111#primaryimage\",\"url\":\"https:\/\/www.insanemonkeytattoo.at\/wp-content\/uploads\/WhatsApp-Image-2024-09g-17-at-14.42.27-768x1024.jpeg\",\"contentUrl\":\"https:\/\/www.insanemonkeytattoo.at\/wp-content\/uploads\/WhatsApp-Image-2024-09g-17-at-14.42.27-768x1024.jpeg\"},{\"@type\":\"BreadcrumbList\",\"@id\":\"https:\/\/www.insanemonkeytattoo.at\/?page_id=111#breadcrumb\",\"itemListElement\":[{\"@type\":\"ListItem\",\"position\":1,\"name\":\"Startseite\",\"item\":\"https:\/\/www.insanemonkeytattoo.at\/\"},{\"@type\":\"ListItem\",\"position\":2,\"name\":\"Studio\"}]},{\"@type\":\"WebSite\",\"@id\":\"https:\/\/www.insanemonkeytattoo.at\/#website\",\"url\":\"https:\/\/www.insanemonkeytattoo.at\/\",\"name\":\"The Insane Monkey\",\"description\":\"Tattoo und Piercingstudio\",\"potentialAction\":[{\"@type\":\"SearchAction\",\"target\":{\"@type\":\"EntryPoint\",\"urlTemplate\":\"https:\/\/www.insanemonkeytattoo.at\/?s={search_term_string}\"},\"query-input\":{\"@type\":\"PropertyValueSpecification\",\"valueRequired\":true,\"valueName\":\"search_term_string\"}}],\"inLanguage\":\"de\"}]}<\/script>\n<!-- \/ Yoast SEO plugin. -->","yoast_head_json":{"title":"Studio - The Insane Monkey","robots":{"index":"index","follow":"follow","max-snippet":"max-snippet:-1","max-image-preview":"max-image-preview:large","max-video-preview":"max-video-preview:-1"},"canonical":"https:\/\/www.insanemonkeytattoo.at\/?page_id=111","og_locale":"de_DE","og_type":"article","og_title":"Studio - The Insane Monkey","og_description":"&#8222;The Insane Monkey&#8220; ist ein 90 m\u00b2 gro\u00dfes Tattoo-Studio mit drei klar abgegrenzten Arbeitspl\u00e4tzen, einer gem\u00fctlichen Bar und einem Wartebereich.Continue readingStudio","og_url":"https:\/\/www.insanemonkeytattoo.at\/?page_id=111","og_site_name":"The Insane Monkey","article_publisher":"https:\/\/www.facebook.com\/profile.php?id=100083181228499","article_modified_time":"2024-09-20T09:48:57+00:00","og_image":[{"url":"https:\/\/www.insanemonkeytattoo.at\/wp-content\/uploads\/WhatsApp-Image-2024-09g-17-at-14.42.27-768x1024.jpeg","type":"","width":"","height":""}],"twitter_card":"summary_large_image","schema":{"@context":"https:\/\/schema.org","@graph":[{"@type":"WebPage","@id":"https:\/\/www.insanemonkeytattoo.at\/?page_id=111","url":"https:\/\/www.insanemonkeytattoo.at\/?page_id=111","name":"Studio - The Insane Monkey","isPartOf":{"@id":"https:\/\/www.insanemonkeytattoo.at\/#website"},"primaryImageOfPage":{"@id":"https:\/\/www.insanemonkeytattoo.at\/?page_id=111#primaryimage"},"image":{"@id":"https:\/\/www.insanemonkeytattoo.at\/?page_id=111#primaryimage"},"thumbnailUrl":"https:\/\/www.insanemonkeytattoo.at\/wp-content\/uploads\/WhatsApp-Image-2024-09g-17-at-14.42.27-768x1024.jpeg","datePublished":"2024-09-13T09:32:31+00:00","dateModified":"2024-09-20T09:48:57+00:00","breadcrumb":{"@id":"https:\/\/www.insanemonkeytattoo.at\/?page_id=111#breadcrumb"},"inLanguage":"de","potentialAction":[{"@type":"ReadAction","target":["https:\/\/www.insanemonkeytattoo.at\/?page_id=111"]}]},{"@type":"ImageObject","inLanguage":"de","@id":"https:\/\/www.insanemonkeytattoo.at\/?page_id=111#primaryimage","url":"https:\/\/www.insanemonkeytattoo.at\/wp-content\/uploads\/WhatsApp-Image-2024-09g-17-at-14.42.27-768x1024.jpeg","contentUrl":"https:\/\/www.insanemonkeytattoo.at\/wp-content\/uploads\/WhatsApp-Image-2024-09g-17-at-14.42.27-768x1024.jpeg"},{"@type":"BreadcrumbList","@id":"https:\/\/www.insanemonkeytattoo.at\/?page_id=111#breadcrumb","itemListElement":[{"@type":"ListItem","position":1,"name":"Startseite","item":"https:\/\/www.insanemonkeytattoo.at\/"},{"@type":"ListItem","position":2,"name":"Studio"}]},{"@type":"WebSite","@id":"https:\/\/www.insanemonkeytattoo.at\/#website","url":"https:\/\/www.insanemonkeytattoo.at\/","name":"The Insane Monkey","description":"Tattoo und Piercingstudio","potentialAction":[{"@type":"SearchAction","target":{"@type":"EntryPoint","urlTemplate":"https:\/\/www.insanemonkeytattoo.at\/?s={search_term_string}"},"query-input":{"@type":"PropertyValueSpecification","valueRequired":true,"valueName":"search_term_string"}}],"inLanguage":"de"}]}},"_links":{"self":[{"href":"https:\/\/www.insanemonkeytattoo.at\/index.php?rest_route=\/wp\/v2\/pages\/111","targetHints":{"allow":["GET"]}}],"collection":[{"href":"https:\/\/www.insanemonkeytattoo.at\/index.php?rest_route=\/wp\/v2\/pages"}],"about":[{"href":"https:\/\/www.insanemonkeytattoo.at\/index.php?rest_route=\/wp\/v2\/types\/page"}],"author":[{"embeddable":true,"href":"https:\/\/www.insanemonkeytattoo.at\/index.php?rest_route=\/wp\/v2\/users\/1"}],"replies":[{"embeddable":true,"href":"https:\/\/www.insanemonkeytattoo.at\/index.php?rest_route=%2Fwp%2Fv2%2Fcomments&post=111"}],"version-history":[{"count":31,"href":"https:\/\/www.insanemonkeytattoo.at\/index.php?rest_route=\/wp\/v2\/pages\/111\/revisions"}],"predecessor-version":[{"id":488,"href":"https:\/\/www.insanemonkeytattoo.at\/index.php?rest_route=\/wp\/v2\/pages\/111\/revisions\/488"}],"wp:attachment":[{"href":"https:\/\/www.insanemonkeytattoo.at\/index.php?rest_route=%2Fwp%2Fv2%2Fmedia&parent=111"}],"curies":[{"name":"wp","href":"https:\/\/api.w.org\/{rel}","templated":true}]}}